e highest common factor of 676 and 78?
26
What is the greatest common divisor of 7846 and 2?
2
What is the highest common factor of 133 and 49?
7
Calculate the highest common factor of 52 and 12.
4
Calculate the greatest common divisor of 3476 and 396.
44
Calculate the highest common factor of 81 and 54.
27
Calculate the greatest common divisor of 20 and 44.
4
What is the greatest common divisor of 45 and 405?
45
Calculate the highest common factor of 106 and 35722.
106
What is the greatest common factor of 3382 and 76?
38
Calculate the greatest common factor of 42 and 399.
21
Calculate the greatest common divisor of 224 and 144.
16
Calculate the greatest common factor of 4844 and 112.
28
What is the highest common factor of 30 and 5055?
15
What is the greatest common divisor of 230 and 1035?
115
What is the greatest common divisor of 5350 and 110?
10
Calculate the greatest common divisor of 111 and 6.
3
What is the greatest common divisor of 624 and 240?
48
Calculate the highest common factor of 680 and 40.
40
What is the greatest common divisor of 18 and 198?
18
What is the highest common factor of 27 and 108?
27
What is the highest common factor of 195 and 2015?
65
Calculate the greatest common factor of 4136 and 11.
11
Calculate the highest common factor of 22 and 614.
2
Calculate the highest common divisor of 366 and 6.
6
What is the greatest common divisor of 41 and 779?
41
Calculate the highest common factor of 399 and 21.
21
Calculate the highest common divisor of 12 and 4.
4
Calculate the highest common divisor of 920 and 160.
40
Calculate the highest common factor of 511 and 146.
73
Calculate the greatest common divisor of 261 and 29.
29
What is the greatest common divisor of 1330 and 50?
10
What is the highest common factor of 860 and 774?
86
Calculate the highest common factor of 1032 and 1752.
24
Calculate the highest common factor of 132 and 12.
12
What is the highest common divisor of 186 and 54?
6
What is the greatest common factor of 24 and 4548?
12
What is the greatest common factor of 134 and 23986?
134
Calculate the highest common factor of 40 and 1180.
20
What is the highest common divisor of 18 and 414?
18
Calculate the highest common divisor of 7 and 413.
7
What is the greatest common factor of 88 and 1342?
22
Calculate the greatest common factor of 224 and 1456.
112
Calculate the highest common divisor of 12 and 40398.
6
What is the greatest common factor of 20989 and 139?
139
Calculate the greatest common factor of 253 and 989.
23
Calculate the greatest common divisor of 175 and 189.
7
What is the highest common divisor of 7 and 4123?
7
What is the highest common divisor of 19 and 608?
19
Calculate the greatest common factor of 1656 and 12.
12
What is the greatest common factor of 46 and 1840?
46
What is the greatest common divisor of 23 and 1?
1
Calculate the highest common factor of 12 and 21.
3
Calculate the highest common divisor of 928 and 29.
29
Calculate the highest common divisor of 91 and 28.
7
What is the highest common divisor of 36 and 27?
9
Calculate the highest common factor of 3380 and 20.
20
Calculate the highest common divisor of 37 and 4847.
37
Calculate the highest common factor of 14 and 1792.
14
Calculate the highest common divisor of 9 and 24.
3
Calculate the greatest common divisor of 92 and 1380.
92
What is the greatest common divisor of 133 and 46151?
133
Calculate the highest common divisor of 14391 and 41.
41
What is the highest common divisor of 703 and 259?
37
What is the greatest common divisor of 407 and 517?
11
Calculate the greatest common divisor of 625 and 1375.
125
What is the greatest common divisor of 510 and 6834?
102
What is the highest common divisor of 868 and 56?
28
Calculate the highest common divisor of 28 and 180.
4
What is the greatest common divisor of 86 and 1978?
86
Calculate the highest common factor of 14 and 12.
2
What is the highest common divisor of 210 and 20?
10
Calculate the greatest common factor of 442 and 34.
34
Calculate the greatest common divisor of 34 and 16337.
17
Calculate the greatest common divisor of 8341 and 171.
19
Calculate the highest common divisor of 8 and 502.
2
Calculate the highest common factor of 248 and 8.
8
Calculate the highest common divisor of 50 and 130.
10
What is the greatest common factor of 819 and 63?
63
What is the greatest common factor of 152 and 56?
8
What is the greatest common divisor of 39 and 130?
13
What is the highest common divisor of 765 and 63?
9
What is the highest common divisor of 74 and 56314?
74
Calculate the greatest common factor of 555 and 435.
15
What is the greatest common divisor of 3 and 2973?
3
Calculate the greatest common factor of 1290 and 301.
43
Calculate the highest common factor of 165 and 120.
15
Calculate the highest common divisor of 70 and 1512.
14
Calculate the greatest common factor of 16750 and 134.
134
Calculate the highest common factor of 100 and 50.
50
What is the highest common factor of 1769 and 58?
29
Calculate the highest common factor of 884 and 119.
17
Calculate the greatest common factor of 400 and 24.
8
Calculate the highest common divisor of 9 and 78021.
9
What is the highest common factor of 23265 and 55?
55
Calculate the greatest common factor of 83 and 332.
83
What is the highest common divisor of 231 and 99?
33
What is the highest common divisor of 42 and 14?
14
Calculate the greatest common divisor of 312 and 48.
24
What is the greatest common factor of 462 and 42?
42
Calculate the highest common divisor of 13 and 2119.
13
Calculate the greatest common divisor of 4 and 1324.
4
Calculate the greatest common factor of 928 and 32.
32
Calculate the highest common divisor of 441 and 6272.
49
What is the greatest common factor of 78 and 897?
39
What is the greatest common factor of 99 and 18?
9
What is the highest common factor of 135 and 90?
45
What is the highest common factor of 121 and 55?
11
What is the highest common factor of 968 and 88?
88
What is the highest common factor of 16 and 384?
16
What is the highest common factor of 558 and 9672?
186
Calculate the highest common factor of 175 and 50.
25
Calculate the highest common factor of 33 and 354.
3
Calculate the greatest common factor of 50 and 40.
10
What is the greatest common factor of 71 and 213?
71
What is the greatest common factor of 320 and 340?
20
Calculate the greatest common divisor of 4 and 46.
2
What is the greatest common factor of 3477 and 171?
57
What is the highest common factor of 90 and 324?
18
Calculate the highest common divisor of 585 and 90.
45
Calculate the highest common divisor of 783 and 174.
87
What is the greatest common divisor of 992 and 32?
32
What is the highest common factor of 154 and 343?
7
What is the highest common factor of 256 and 800?
32
Calculate the greatest common factor of 6 and 5862.
6
What is the greatest common factor of 168 and 903?
21
Calculate the greatest common divisor of 3105 and 2295.
135
What is the highest common divisor of 299 and 871?
13
What is the greatest common divisor of 220 and 66?
22
What is the greatest common divisor of 36 and 948?
12
What is the greatest common divisor of 92 and 2?
2
What is the highest common factor of 154 and 22?
22
What is the highest common divisor of 27 and 25335?
9
Calculate the greatest common factor of 11472 and 48.
48
Calculate the greatest common divisor of 18 and 63.
9
What is the greatest common divisor of 33982 and 39?
13
What is the highest common divisor of 14 and 14?
14
Calculate the greatest common factor of 81 and 2781.
27
Calculate the highest common factor of 6 and 14.
2
Calculate the greatest common divisor of 69 and 161.
23
What is the highest common divisor of 64 and 16?
16
What is the greatest common divisor of 636 and 3392?
212
What is the highest common factor of 511 and 14?
7
What is the highest common divisor of 1008 and 6804?
252
What is the highest common divisor of 63 and 3780?
63
Calculate the highest common factor of 29108 and 152.
76
Calculate the highest common factor of 510 and 1105.
85
Calculate the highest common divisor of 24 and 40.
8
Calculate the greatest common divisor of 16 and 43.
1
What is the greatest common factor of 34 and 2431?
17
Calculate the greatest common factor of 7116 and 1